{"id":16,"date":"2023-02-14T14:36:25","date_gmt":"2023-02-14T13:36:25","guid":{"rendered":"https:\/\/fabbrocourmayeur.it\/?page_id=16"},"modified":"2024-01-02T08:50:57","modified_gmt":"2024-01-02T07:50:57","slug":"fabbro-courmayeur-24-ore","status":"publish","type":"page","link":"https:\/\/www.fabbrocourmayeur.it\/?page_id=16","title":{"rendered":"Fabbro Courmayeur 24 ore"},"content":{"rendered":"<div class=\"wpb-content-wrapper\"><p>[vc_row][vc_column width=&#8221;1\/2&#8243;][vc_column_text]Fabbro Courmayeur 24 ore: hai bisogno di un fabbro di emergenza? Chiama il numero unico:[\/vc_column_text][vc_btn title=&#8221;CHIAMA ORA&#8221; color=&#8221;warning&#8221; align=&#8221;center&#8221; link=&#8221;url:tel%3A%20%2B393518816239&#8243;][vc_column_text]Se hai bisogno di un intervento urgente a Courmayeur, puoi Telefonare a questo numero a qualsiasi ora del giorno ti risponder\u00e0 sempre una centralinista che cercher\u00e0 di capire il problema e ti invier\u00e0 i professionista adatto per risolvere la tua problematica nel pi\u00f9 breve tempo possibile.<\/p>\n<p>le tipologie di problemi che noi trattiamo e risolviamo sono:<\/p>\n<ul>\n<li>apertura porte<\/li>\n<li>sblocco serratura<\/li>\n<li>sostituzione serratura<\/li>\n<li>sostituzione porte<\/li>\n<li>sblocco serrande<\/li>\n<li>motorizzazione serrande<\/li>\n<li>sostituzione motore serrande<\/li>\n<li>riparazione serrande<\/li>\n<li>sostituzione serrande<\/li>\n<li>cambio saracinesca<\/li>\n<li>riparazione tapparelle<\/li>\n<li>motorizzazione tapparelle<\/li>\n<li>cambio serratura da doppia mappa a cilindro europeo<\/li>\n<li>apertura porte blindate<\/li>\n<\/ul>\n<p>[\/vc_column_text][\/vc_column][vc_column width=&#8221;1\/2&#8243;][vc_column_text]<img loading=\"lazy\" decoding=\"async\" class=\"aligncenter wp-image-158 size-full\" src=\"https:\/\/fabbrocourmayeur.it\/wp-content\/uploads\/2023\/02\/ASSISTENZA24H-e1676906353750.webp\" alt=\"fabbro Courmayeur 24 ore\" width=\"400\" height=\"532\" srcset=\"https:\/\/www.fabbrocourmayeur.it\/wp-content\/uploads\/2023\/02\/ASSISTENZA24H-e1676906353750.webp 400w, https:\/\/www.fabbrocourmayeur.it\/wp-content\/uploads\/2023\/02\/ASSISTENZA24H-e1676906353750-226x300.webp 226w\" sizes=\"auto, (max-width: 400px) 100vw, 400px\" \/>[\/vc_column_text][\/vc_column][\/vc_row][vc_row][vc_column][vc_separator el_width=&#8221;70&#8243;][\/vc_column][\/vc_row][vc_row][vc_column width=&#8221;1\/3&#8243;][vc_column_text]<\/p>\n<h2>Fabbro Courmayeur 24 ore<\/h2>\n<p>Riparazione serrature di ogni tipologia a Courmayeur.\u00a0 Cambio serrature a doppia mappa con serrature a cilindro europeo.<\/p>\n<p><a href=\"https:\/\/fabbrocourmayeur.it\/cambiare-serratura-Courmayeur\/\">Scopri di pi\u00f9<\/a>[\/vc_column_text][\/vc_column][vc_column width=&#8221;1\/3&#8243;][vc_column_text]<\/p>\n<h2>Apertura porte 24\/7<\/h2>\n<p>Aiutiamo le persone chiuse fuori casa a Courmayeur, a qualsiasi orario, qualsiasi giorno della settimana. Apriamo qualsiasi porta, blindata o di legno.<\/p>\n<p><a href=\"https:\/\/fabbrocourmayeur.it\/apertura-porte-Courmayeur\/\">Scopri di pi\u00f9<\/a>[\/vc_column_text][\/vc_column][vc_column width=&#8221;1\/3&#8243;][vc_column_text]<\/p>\n<h2>Sblocco serrande 24\/7<\/h2>\n<p>Sblocchiamo la tua serranda a Courmayeur, al mattino presto o alla sera, arriviamo in 15 minuti. Possiamo sostituire ogni parte della tua serranda: telo e molle.<\/p>\n<p><a href=\"https:\/\/fabbrocourmayeur.it\/sblocco-serrande\/\">Scopri di pi\u00f9<\/a>[\/vc_column_text][\/vc_column][\/vc_row][vc_row][vc_column width=&#8221;1\/3&#8243;][vc_column_text]<\/p>\n<h3>Chiave rotta nella serratura 24\/7<\/h3>\n<p>Recuperiamo la chiave rotta e ripristiniamo la tua serratura a qualsiasi ora di giorno e notte. Domenica inclusa<\/p>\n<p><a href=\"https:\/\/fabbrocourmayeur.it\/chiave-rotta-nella-serratura\/\">Scopri di pi\u00f9<\/a>[\/vc_column_text][\/vc_column][vc_column width=&#8221;1\/3&#8243;][vc_column_text]<\/p>\n<h3>Motorizzazione tapparelle 24\/7<\/h3>\n<p>Motorizzazione tapparelle a Courmayeur a qualsiasi ora del giorno e della notte.\u00a0 Operiamo su ogni tipo di tapparella.<\/p>\n<p><a href=\"https:\/\/fabbrocourmayeur.it\/motorizzazione-tapparelle-Courmayeur\/\">Scopri di pi\u00f9<\/a>[\/vc_column_text][\/vc_column][vc_column width=&#8221;1\/3&#8243;][vc_column_text]<\/p>\n<h3>Apertura porte Courmayeur 24\/7<\/h3>\n<p>Apriamo la porta di qualsiasi tipo a Courmayeur: sia blindata che di legno, con qualsiasi tipo di serratura, anche cilindro europeo.<\/p>\n<p><a href=\"https:\/\/fabbrocourmayeur.it\/motorizzazione-tapparelle-Courmayeur\/\">Scopri di pi\u00f9<\/a>[\/vc_column_text][\/vc_column][\/vc_row][vc_row][vc_column width=&#8221;1\/3&#8243;][vc_column_text]<img loading=\"lazy\" decoding=\"async\" class=\"alignnone size-medium wp-image-546\" src=\"https:\/\/fabbrocourmayeur.it\/wp-content\/uploads\/2023\/03\/LOGO-COURMAYEUR-300x77.webp\" alt=\"\" width=\"300\" height=\"77\" srcset=\"https:\/\/www.fabbrocourmayeur.it\/wp-content\/uploads\/2023\/03\/LOGO-COURMAYEUR-300x77.webp 300w, https:\/\/www.fabbrocourmayeur.it\/wp-content\/uploads\/2023\/03\/LOGO-COURMAYEUR.webp 372w\" sizes=\"auto, (max-width: 300px) 100vw, 300px\" \/>[\/vc_column_text][\/vc_column][vc_column width=&#8221;1\/3&#8243;][vc_column_text]<img loading=\"lazy\" decoding=\"async\" class=\"alignnone size-medium wp-image-248\" src=\"https:\/\/fabbrocourmayeur.it\/wp-content\/uploads\/2023\/02\/marche-serrature-300x146.png\" alt=\"\" width=\"300\" height=\"146\" srcset=\"https:\/\/www.fabbrocourmayeur.it\/wp-content\/uploads\/2023\/02\/marche-serrature-300x146.png 300w, https:\/\/www.fabbrocourmayeur.it\/wp-content\/uploads\/2023\/02\/marche-serrature.png 575w\" sizes=\"auto, (max-width: 300px) 100vw, 300px\" \/>[\/vc_column_text][\/vc_column][vc_column width=&#8221;1\/3&#8243;][vc_column_text]<img loading=\"lazy\" decoding=\"async\" class=\"alignnone size-medium wp-image-301\" src=\"https:\/\/fabbrocourmayeur.it\/wp-content\/uploads\/2023\/02\/fabbro-rivoli-Home-300x300.webp\" alt=\"Fabbro Courmayeur\" width=\"300\" height=\"300\" srcset=\"https:\/\/www.fabbrocourmayeur.it\/wp-content\/uploads\/2023\/02\/fabbro-rivoli-Home-300x300.webp 300w, https:\/\/www.fabbrocourmayeur.it\/wp-content\/uploads\/2023\/02\/fabbro-rivoli-Home-150x150.webp 150w, https:\/\/www.fabbrocourmayeur.it\/wp-content\/uploads\/2023\/02\/fabbro-rivoli-Home.webp 364w\" sizes=\"auto, (max-width: 300px) 100vw, 300px\" \/>[\/vc_column_text][\/vc_column][\/vc_row][vc_row][vc_column][vc_column_text]Contattaci direttamente cliccando <a href=\"https:\/\/fabbrocourmayeur.it\/\">QUI<\/a>[\/vc_column_text][\/vc_column][\/vc_row][vc_row][vc_column][vc_column_text]<\/p>\n<p data-sourcepos=\"1:1-1:73\"><strong>Fabbro Courmayeur 24 ore: un servizio di emergenza sempre disponibile<\/strong><\/p>\n<p data-sourcepos=\"3:1-3:263\">Ti sei chiuso fuori casa? Hai perso le chiavi? La serratura \u00e8 bloccata? Se ti trovi in una di queste situazioni, non disperare! Il fabbro Courmayeur 24 ore \u00e8 a tua disposizione per aiutarti a risolvere il problema in tempi rapidi e con la massima professionalit\u00e0.<\/p>\n<p data-sourcepos=\"5:1-5:271\">Il fabbro Courmayeur 24 ore \u00e8 un servizio di emergenza attivo 24 ore su 24, 7 giorni su 7. I nostri fabbri professionisti interverranno a casa tua in meno di 30 minuti, dotati di tutta l&#8217;attrezzatura necessaria per risolvere il problema in modo rapido, efficace e sicuro.<\/p>\n<p data-sourcepos=\"7:1-7:70\">Il fabbro Courmayeur 24 ore offre una vasta gamma di servizi, tra cui:<\/p>\n<ul data-sourcepos=\"9:1-15:0\">\n<li data-sourcepos=\"9:1-9:25\">Apertura porte blindate<\/li>\n<li data-sourcepos=\"10:1-10:25\">Apertura porte in legno<\/li>\n<li data-sourcepos=\"11:1-11:27\">Apertura porte in metallo<\/li>\n<li data-sourcepos=\"12:1-12:29\">Apertura serrature bloccate<\/li>\n<li data-sourcepos=\"13:1-13:18\">Cambio serrature<\/li>\n<li data-sourcepos=\"14:1-15:0\">Riparazione porte<\/li>\n<\/ul>\n<p data-sourcepos=\"16:1-16:110\">I nostri prezzi sono competitivi e trasparenti, e offriamo un servizio di garanzia su tutti i lavori eseguiti.<\/p>\n<div class=\"flex-1 overflow-hidden\">\n<div class=\"react-scroll-to-bottom--css-qlcou-79elbk h-full\">\n<div class=\"react-scroll-to-bottom--css-qlcou-1n7m0yu\">\n<div class=\"flex flex-col pb-9 text-sm\">\n<div class=\"w-full text-token-text-primary\" data-testid=\"conversation-turn-11\">\n<div class=\"px-4 py-2 justify-center text-base md:gap-6 m-auto\">\n<div class=\"flex flex-1 text-base mx-auto gap-3 md:px-5 lg:px-1 xl:px-5 md:max-w-3xl lg:max-w-[40rem] xl:max-w-[48rem] group final-completion\">\n<div class=\"relative flex w-full flex-col lg:w-[calc(100%-115px)] agent-turn\">\n<div class=\"flex-col gap-1 md:gap-3\">\n<div class=\"flex flex-grow flex-col max-w-full\">\n<div class=\"min-h-[20px] text-message flex flex-col items-start gap-3 whitespace-pre-wrap break-words [.text-message+&amp;]:mt-5 overflow-x-auto\" data-message-author-role=\"assistant\" data-message-id=\"acaed286-74a4-44f7-97bd-e2f8ab31e8a1\">\n<div class=\"markdown prose w-full break-words dark:prose-invert light\">\n<p>Affidati alla Nostra Professionalit\u00e0: Fabbro Courmayeur 24 Ore su 24<\/p>\n<p>Se hai bisogno di un servizio fabbro affidabile a Courmayeur, siamo qui per te, 24 ore su 24. La nostra squadra di professionisti esperti offre un servizio fabbro completo per risolvere ogni tua esigenza, garantendo interventi rapidi e di qualit\u00e0 in ogni momento.<\/p>\n<p>Il nostro servizio fabbro Courmayeur 24 ore \u00e8 progettato per affrontare situazioni di emergenza in qualsiasi momento del giorno o della notte. Che tu abbia perso le chiavi, necessiti di un cambio serratura o incontri altri problemi relativi alla sicurezza, il nostro team \u00e8 pronto a rispondere alle tue chiamate in modo tempestivo.<\/p>\n<p>La nostra competenza e la nostra esperienza nel settore ci consentono di fornire servizi fabbro a Courmayeur che vanno oltre le aspettative. Siamo attrezzati con gli strumenti pi\u00f9 moderni per garantire interventi precisi e senza danni alle tue serrature o porte.<\/p>\n<p>Affidati a noi per un servizio fabbro Courmayeur 24 ore che mette al primo posto la tua sicurezza. Siamo consapevoli dell&#8217;importanza di risolvere rapidamente i problemi legati alle serrature, e la nostra disponibilit\u00e0 24\/7 \u00e8 pensata per offrirti la tranquillit\u00e0 di cui hai bisogno.<\/p>\n<p>Contattaci ora per un servizio fabbro Courmayeur 24 ore su 24. Siamo qui per aiutarti in ogni situazione, garantendo la tua sicurezza e soddisfazione.<\/p>\n<\/div>\n<\/div>\n<\/div>\n<\/div>\n<\/div>\n<\/div>\n<\/div>\n<\/div>\n<\/div>\n<\/div>\n<\/div>\n<\/div>\n<p>[\/vc_column_text][\/vc_column][\/vc_row]<\/p>\n<\/div>","protected":false},"excerpt":{"rendered":"<p>[vc_row][vc_column width=&#8221;1\/2&#8243;][vc_column_text]Fabbro Courmayeur 24 ore: hai bisogno di un fabbro di emergenza? Chiama il numero unico:[\/vc_column_text][vc_btn title=&#8221;CHIAMA ORA&#8221; color=&#8221;warning&#8221; align=&#8221;center&#8221; link=&#8221;url:tel%3A%20%2B393518816239&#8243;][vc_column_text]Se hai bisogno di un intervento urgente a Courmayeur, puoi Telefonare a questo numero a qualsiasi ora del giorno ti risponder\u00e0 sempre una centralinista che cercher\u00e0 di capire il problema e ti invier\u00e0 i professionista<a href=\"https:\/\/www.fabbrocourmayeur.it\/?page_id=16\" class=\"more-link\">Read More<\/a><\/p>\n","protected":false},"author":4,"featured_media":0,"parent":0,"menu_order":0,"comment_status":"closed","ping_status":"closed","template":"","meta":{"footnotes":""},"class_list":["post-16","page","type-page","status-publish","hentry"],"_links":{"self":[{"href":"https:\/\/www.fabbrocourmayeur.it\/index.php?rest_route=\/wp\/v2\/pages\/16","targetHints":{"allow":["GET"]}}],"collection":[{"href":"https:\/\/www.fabbrocourmayeur.it\/index.php?rest_route=\/wp\/v2\/pages"}],"about":[{"href":"https:\/\/www.fabbrocourmayeur.it\/index.php?rest_route=\/wp\/v2\/types\/page"}],"author":[{"embeddable":true,"href":"https:\/\/www.fabbrocourmayeur.it\/index.php?rest_route=\/wp\/v2\/users\/4"}],"replies":[{"embeddable":true,"href":"https:\/\/www.fabbrocourmayeur.it\/index.php?rest_route=%2Fwp%2Fv2%2Fcomments&post=16"}],"version-history":[{"count":36,"href":"https:\/\/www.fabbrocourmayeur.it\/index.php?rest_route=\/wp\/v2\/pages\/16\/revisions"}],"predecessor-version":[{"id":593,"href":"https:\/\/www.fabbrocourmayeur.it\/index.php?rest_route=\/wp\/v2\/pages\/16\/revisions\/593"}],"wp:attachment":[{"href":"https:\/\/www.fabbrocourmayeur.it\/index.php?rest_route=%2Fwp%2Fv2%2Fmedia&parent=16"}],"curies":[{"name":"wp","href":"https:\/\/api.w.org\/{rel}","templated":true}]}}